{"id":37374,"date":"2023-07-06T23:57:58","date_gmt":"2023-07-06T21:57:58","guid":{"rendered":"https:\/\/diploma2023.ecolecamondo.fr\/memoire\/francois-xavier-mouret\/le-contexte-social-et-technique-du-design-au-xxie-siecle\/"},"modified":"2023-10-15T15:24:18","modified_gmt":"2023-10-15T13:24:18","slug":"le-contexte-social-et-technique-du-design-au-xxie-siecle","status":"publish","type":"dissertation","link":"https:\/\/diploma2023.ecolecamondo.fr\/en\/memoire\/francois-xavier-mouret\/le-contexte-social-et-technique-du-design-au-xxie-siecle\/","title":{"rendered":"The social and technical context of design in the 21st century\u00a0"},"content":{"rendered":"\n<article class=\"text-title bloc\"><div class=\"text-title__content type-text\"><div class=\"text-title__wrapper wrapper typo-scope\"><p class=\"text-title__text h-paragraph style-center gut-hook-text\">&nbsp;<\/p><\/div><\/div><\/article>\n","protected":false},"author":221,"featured_media":37375,"template":"","meta":{"_acf_changed":false,"_metafield_presentation":"We are in a period of transition between excessive consumption and sustainable production. It is essential that consumers and companies take responsibility to encourage more sustainable and responsible consumption. The \u201cthird industrial revolution\u201d put forward by Jeremy Rifkin encourages forms of production distributed on a local scale, but this is simply one step of many towards improving the environment and quality of life.","_metafield_image_toggle":true,"_metafield_image_legend":"Alexander, Brodsky, 1989-1990, Untitled ( Dome of ladders )","_metafield_gallery":""},"keywords":[167],"teachers_list_1":[14],"class_list":["post-37374","dissertation","type-dissertation","status-publish","has-post-thumbnail","hentry","keywords-research-approach","teachers_list_1-julien-verhaeghe"],"acf":[],"yoast_head":"<!-- This site is optimized with the Yoast SEO plugin v27.2 - https:\/\/yoast.com\/product\/yoast-seo-wordpress\/ -->\n<title>The social and technical context of design in the 21st century\u00a0 - Diploma Camondo \u00e9dition 2023<\/title>\n<meta name=\"robots\" content=\"index, follow, max-snippet:-1, max-image-preview:large, max-video-preview:-1\" \/>\n<link rel=\"canonical\" href=\"https:\/\/diploma2023.ecolecamondo.fr\/en\/memoire\/francois-xavier-mouret\/le-contexte-social-et-technique-du-design-au-xxie-siecle\/\" \/>\n<meta property=\"og:locale\" content=\"en_US\" \/>\n<meta property=\"og:type\" content=\"article\" \/>\n<meta property=\"og:title\" content=\"The social and technical context of design in the 21st century\u00a0 - Diploma Camondo \u00e9dition 2023\" \/>\n<meta property=\"og:url\" content=\"https:\/\/diploma2023.ecolecamondo.fr\/en\/memoire\/francois-xavier-mouret\/le-contexte-social-et-technique-du-design-au-xxie-siecle\/\" \/>\n<meta property=\"og:site_name\" content=\"Diploma Camondo \u00e9dition 2023\" \/>\n<meta property=\"article:modified_time\" content=\"2023-10-15T13:24:18+00:00\" \/>\n<meta property=\"og:image\" content=\"https:\/\/diploma2023.ecolecamondo.fr\/content\/uploads\/2023\/07\/richardsaltoun-alexander-brodsky-untitled-dome-of-ladders-1989-1990.1.jpg\" \/>\n\t<meta property=\"og:image:width\" content=\"1838\" \/>\n\t<meta property=\"og:image:height\" content=\"2400\" \/>\n\t<meta property=\"og:image:type\" content=\"image\/jpeg\" \/>\n<meta name=\"twitter:card\" content=\"summary_large_image\" \/>\n<script type=\"application\/ld+json\" class=\"yoast-schema-graph\">{\"@context\":\"https:\/\/schema.org\",\"@graph\":[{\"@type\":\"WebPage\",\"@id\":\"https:\/\/diploma2023.ecolecamondo.fr\/en\/memoire\/francois-xavier-mouret\/le-contexte-social-et-technique-du-design-au-xxie-siecle\/\",\"url\":\"https:\/\/diploma2023.ecolecamondo.fr\/en\/memoire\/francois-xavier-mouret\/le-contexte-social-et-technique-du-design-au-xxie-siecle\/\",\"name\":\"The social and technical context of design in the 21st century\u00a0 - Diploma Camondo \u00e9dition 2023\",\"isPartOf\":{\"@id\":\"https:\/\/diploma2023.ecolecamondo.fr\/en\/#website\"},\"primaryImageOfPage\":{\"@id\":\"https:\/\/diploma2023.ecolecamondo.fr\/en\/memoire\/francois-xavier-mouret\/le-contexte-social-et-technique-du-design-au-xxie-siecle\/#primaryimage\"},\"image\":{\"@id\":\"https:\/\/diploma2023.ecolecamondo.fr\/en\/memoire\/francois-xavier-mouret\/le-contexte-social-et-technique-du-design-au-xxie-siecle\/#primaryimage\"},\"thumbnailUrl\":\"https:\/\/diploma2023.ecolecamondo.fr\/content\/uploads\/2023\/07\/richardsaltoun-alexander-brodsky-untitled-dome-of-ladders-1989-1990.1.jpg\",\"datePublished\":\"2023-07-06T21:57:58+00:00\",\"dateModified\":\"2023-10-15T13:24:18+00:00\",\"breadcrumb\":{\"@id\":\"https:\/\/diploma2023.ecolecamondo.fr\/en\/memoire\/francois-xavier-mouret\/le-contexte-social-et-technique-du-design-au-xxie-siecle\/#breadcrumb\"},\"inLanguage\":\"en-US\",\"potentialAction\":[{\"@type\":\"ReadAction\",\"target\":[\"https:\/\/diploma2023.ecolecamondo.fr\/en\/memoire\/francois-xavier-mouret\/le-contexte-social-et-technique-du-design-au-xxie-siecle\/\"]}]},{\"@type\":\"ImageObject\",\"inLanguage\":\"en-US\",\"@id\":\"https:\/\/diploma2023.ecolecamondo.fr\/en\/memoire\/francois-xavier-mouret\/le-contexte-social-et-technique-du-design-au-xxie-siecle\/#primaryimage\",\"url\":\"https:\/\/diploma2023.ecolecamondo.fr\/content\/uploads\/2023\/07\/richardsaltoun-alexander-brodsky-untitled-dome-of-ladders-1989-1990.1.jpg\",\"contentUrl\":\"https:\/\/diploma2023.ecolecamondo.fr\/content\/uploads\/2023\/07\/richardsaltoun-alexander-brodsky-untitled-dome-of-ladders-1989-1990.1.jpg\",\"width\":1838,\"height\":2400},{\"@type\":\"BreadcrumbList\",\"@id\":\"https:\/\/diploma2023.ecolecamondo.fr\/en\/memoire\/francois-xavier-mouret\/le-contexte-social-et-technique-du-design-au-xxie-siecle\/#breadcrumb\",\"itemListElement\":[{\"@type\":\"ListItem\",\"position\":1,\"name\":\"Accueil\",\"item\":\"https:\/\/diploma2023.ecolecamondo.fr\/en\/\"},{\"@type\":\"ListItem\",\"position\":2,\"name\":\"Dissertation\",\"item\":\"https:\/\/diploma2023.ecolecamondo.fr\/en\/memoire\/%student%\/\"},{\"@type\":\"ListItem\",\"position\":3,\"name\":\"The social and technical context of design in the 21st century\u00a0\"}]},{\"@type\":\"WebSite\",\"@id\":\"https:\/\/diploma2023.ecolecamondo.fr\/en\/#website\",\"url\":\"https:\/\/diploma2023.ecolecamondo.fr\/en\/\",\"name\":\"Diploma Camondo \u00e9dition 2023\",\"description\":\"Travaux des \u00e9tudiants de 5e ann\u00e9e de l&#039;\u00c9cole Camondo\",\"potentialAction\":[{\"@type\":\"SearchAction\",\"target\":{\"@type\":\"EntryPoint\",\"urlTemplate\":\"https:\/\/diploma2023.ecolecamondo.fr\/en\/?s={search_term_string}\"},\"query-input\":{\"@type\":\"PropertyValueSpecification\",\"valueRequired\":true,\"valueName\":\"search_term_string\"}}],\"inLanguage\":\"en-US\"}]}<\/script>\n<!-- \/ Yoast SEO plugin. -->","yoast_head_json":{"title":"The social and technical context of design in the 21st century\u00a0 - Diploma Camondo \u00e9dition 2023","robots":{"index":"index","follow":"follow","max-snippet":"max-snippet:-1","max-image-preview":"max-image-preview:large","max-video-preview":"max-video-preview:-1"},"canonical":"https:\/\/diploma2023.ecolecamondo.fr\/en\/memoire\/francois-xavier-mouret\/le-contexte-social-et-technique-du-design-au-xxie-siecle\/","og_locale":"en_US","og_type":"article","og_title":"The social and technical context of design in the 21st century\u00a0 - Diploma Camondo \u00e9dition 2023","og_url":"https:\/\/diploma2023.ecolecamondo.fr\/en\/memoire\/francois-xavier-mouret\/le-contexte-social-et-technique-du-design-au-xxie-siecle\/","og_site_name":"Diploma Camondo \u00e9dition 2023","article_modified_time":"2023-10-15T13:24:18+00:00","og_image":[{"width":1838,"height":2400,"url":"https:\/\/diploma2023.ecolecamondo.fr\/content\/uploads\/2023\/07\/richardsaltoun-alexander-brodsky-untitled-dome-of-ladders-1989-1990.1.jpg","type":"image\/jpeg"}],"twitter_card":"summary_large_image","schema":{"@context":"https:\/\/schema.org","@graph":[{"@type":"WebPage","@id":"https:\/\/diploma2023.ecolecamondo.fr\/en\/memoire\/francois-xavier-mouret\/le-contexte-social-et-technique-du-design-au-xxie-siecle\/","url":"https:\/\/diploma2023.ecolecamondo.fr\/en\/memoire\/francois-xavier-mouret\/le-contexte-social-et-technique-du-design-au-xxie-siecle\/","name":"The social and technical context of design in the 21st century\u00a0 - Diploma Camondo \u00e9dition 2023","isPartOf":{"@id":"https:\/\/diploma2023.ecolecamondo.fr\/en\/#website"},"primaryImageOfPage":{"@id":"https:\/\/diploma2023.ecolecamondo.fr\/en\/memoire\/francois-xavier-mouret\/le-contexte-social-et-technique-du-design-au-xxie-siecle\/#primaryimage"},"image":{"@id":"https:\/\/diploma2023.ecolecamondo.fr\/en\/memoire\/francois-xavier-mouret\/le-contexte-social-et-technique-du-design-au-xxie-siecle\/#primaryimage"},"thumbnailUrl":"https:\/\/diploma2023.ecolecamondo.fr\/content\/uploads\/2023\/07\/richardsaltoun-alexander-brodsky-untitled-dome-of-ladders-1989-1990.1.jpg","datePublished":"2023-07-06T21:57:58+00:00","dateModified":"2023-10-15T13:24:18+00:00","breadcrumb":{"@id":"https:\/\/diploma2023.ecolecamondo.fr\/en\/memoire\/francois-xavier-mouret\/le-contexte-social-et-technique-du-design-au-xxie-siecle\/#breadcrumb"},"inLanguage":"en-US","potentialAction":[{"@type":"ReadAction","target":["https:\/\/diploma2023.ecolecamondo.fr\/en\/memoire\/francois-xavier-mouret\/le-contexte-social-et-technique-du-design-au-xxie-siecle\/"]}]},{"@type":"ImageObject","inLanguage":"en-US","@id":"https:\/\/diploma2023.ecolecamondo.fr\/en\/memoire\/francois-xavier-mouret\/le-contexte-social-et-technique-du-design-au-xxie-siecle\/#primaryimage","url":"https:\/\/diploma2023.ecolecamondo.fr\/content\/uploads\/2023\/07\/richardsaltoun-alexander-brodsky-untitled-dome-of-ladders-1989-1990.1.jpg","contentUrl":"https:\/\/diploma2023.ecolecamondo.fr\/content\/uploads\/2023\/07\/richardsaltoun-alexander-brodsky-untitled-dome-of-ladders-1989-1990.1.jpg","width":1838,"height":2400},{"@type":"BreadcrumbList","@id":"https:\/\/diploma2023.ecolecamondo.fr\/en\/memoire\/francois-xavier-mouret\/le-contexte-social-et-technique-du-design-au-xxie-siecle\/#breadcrumb","itemListElement":[{"@type":"ListItem","position":1,"name":"Accueil","item":"https:\/\/diploma2023.ecolecamondo.fr\/en\/"},{"@type":"ListItem","position":2,"name":"Dissertation","item":"https:\/\/diploma2023.ecolecamondo.fr\/en\/memoire\/%student%\/"},{"@type":"ListItem","position":3,"name":"The social and technical context of design in the 21st century\u00a0"}]},{"@type":"WebSite","@id":"https:\/\/diploma2023.ecolecamondo.fr\/en\/#website","url":"https:\/\/diploma2023.ecolecamondo.fr\/en\/","name":"Diploma Camondo \u00e9dition 2023","description":"Travaux des \u00e9tudiants de 5e ann\u00e9e de l&#039;\u00c9cole Camondo","potentialAction":[{"@type":"SearchAction","target":{"@type":"EntryPoint","urlTemplate":"https:\/\/diploma2023.ecolecamondo.fr\/en\/?s={search_term_string}"},"query-input":{"@type":"PropertyValueSpecification","valueRequired":true,"valueName":"search_term_string"}}],"inLanguage":"en-US"}]}},"_links":{"self":[{"href":"https:\/\/diploma2023.ecolecamondo.fr\/en\/wp-json\/wp\/v2\/dissertation\/37374","targetHints":{"allow":["GET"]}}],"collection":[{"href":"https:\/\/diploma2023.ecolecamondo.fr\/en\/wp-json\/wp\/v2\/dissertation"}],"about":[{"href":"https:\/\/diploma2023.ecolecamondo.fr\/en\/wp-json\/wp\/v2\/types\/dissertation"}],"author":[{"embeddable":true,"href":"https:\/\/diploma2023.ecolecamondo.fr\/en\/wp-json\/wp\/v2\/users\/221"}],"wp:featuredmedia":[{"embeddable":true,"href":"https:\/\/diploma2023.ecolecamondo.fr\/en\/wp-json\/wp\/v2\/media\/37375"}],"wp:attachment":[{"href":"https:\/\/diploma2023.ecolecamondo.fr\/en\/wp-json\/wp\/v2\/media?parent=37374"}],"wp:term":[{"taxonomy":"keywords","embeddable":true,"href":"https:\/\/diploma2023.ecolecamondo.fr\/en\/wp-json\/wp\/v2\/keywords?post=37374"},{"taxonomy":"teachers_list_1","embeddable":true,"href":"https:\/\/diploma2023.ecolecamondo.fr\/en\/wp-json\/wp\/v2\/teachers_list_1?post=37374"}],"curies":[{"name":"wp","href":"https:\/\/api.w.org\/{rel}","templated":true}]}}

<!-- This site is optimized with the Yoast SEO plugin v27.2 - https://yoast.com/product/yoast-seo-wordpress/ -->
<title>The social and technical context of design in the 21st century  - Diploma Camondo édition 2023</title>
<meta name="robots" content="index, follow, max-snippet:-1, max-image-preview:large, max-video-preview:-1" />
<link rel="canonical" href="https://diploma2023.ecolecamondo.fr/en/memoire/francois-xavier-mouret/le-contexte-social-et-technique-du-design-au-xxie-siecle/" />
<meta property="og:locale" content="en_US" />
<meta property="og:type" content="article" />
<meta property="og:title" content="The social and technical context of design in the 21st century  - Diploma Camondo édition 2023" />
<meta property="og:url" content="https://diploma2023.ecolecamondo.fr/en/memoire/francois-xavier-mouret/le-contexte-social-et-technique-du-design-au-xxie-siecle/" />
<meta property="og:site_name" content="Diploma Camondo édition 2023" />
<meta property="article:modified_time" content="2023-10-15T13:24:18+00:00" />
<meta property="og:image" content="https://diploma2023.ecolecamondo.fr/content/uploads/2023/07/richardsaltoun-alexander-brodsky-untitled-dome-of-ladders-1989-1990.1.jpg" />
	<meta property="og:image:width" content="1838" />
	<meta property="og:image:height" content="2400" />
	<meta property="og:image:type" content="image/jpeg" />
<meta name="twitter:card" content="summary_large_image" />
<script type="application/ld+json" class="yoast-schema-graph">{"@context":"https://schema.org","@graph":[{"@type":"WebPage","@id":"https://diploma2023.ecolecamondo.fr/en/memoire/francois-xavier-mouret/le-contexte-social-et-technique-du-design-au-xxie-siecle/","url":"https://diploma2023.ecolecamondo.fr/en/memoire/francois-xavier-mouret/le-contexte-social-et-technique-du-design-au-xxie-siecle/","name":"The social and technical context of design in the 21st century  - Diploma Camondo édition 2023","isPartOf":{"@id":"https://diploma2023.ecolecamondo.fr/en/#website"},"primaryImageOfPage":{"@id":"https://diploma2023.ecolecamondo.fr/en/memoire/francois-xavier-mouret/le-contexte-social-et-technique-du-design-au-xxie-siecle/#primaryimage"},"image":{"@id":"https://diploma2023.ecolecamondo.fr/en/memoire/francois-xavier-mouret/le-contexte-social-et-technique-du-design-au-xxie-siecle/#primaryimage"},"thumbnailUrl":"https://diploma2023.ecolecamondo.fr/content/uploads/2023/07/richardsaltoun-alexander-brodsky-untitled-dome-of-ladders-1989-1990.1.jpg","datePublished":"2023-07-06T21:57:58+00:00","dateModified":"2023-10-15T13:24:18+00:00","breadcrumb":{"@id":"https://diploma2023.ecolecamondo.fr/en/memoire/francois-xavier-mouret/le-contexte-social-et-technique-du-design-au-xxie-siecle/#breadcrumb"},"inLanguage":"en-US","potentialAction":[{"@type":"ReadAction","target":["https://diploma2023.ecolecamondo.fr/en/memoire/francois-xavier-mouret/le-contexte-social-et-technique-du-design-au-xxie-siecle/"]}]},{"@type":"ImageObject","inLanguage":"en-US","@id":"https://diploma2023.ecolecamondo.fr/en/memoire/francois-xavier-mouret/le-contexte-social-et-technique-du-design-au-xxie-siecle/#primaryimage","url":"https://diploma2023.ecolecamondo.fr/content/uploads/2023/07/richardsaltoun-alexander-brodsky-untitled-dome-of-ladders-1989-1990.1.jpg","contentUrl":"https://diploma2023.ecolecamondo.fr/content/uploads/2023/07/richardsaltoun-alexander-brodsky-untitled-dome-of-ladders-1989-1990.1.jpg","width":1838,"height":2400},{"@type":"BreadcrumbList","@id":"https://diploma2023.ecolecamondo.fr/en/memoire/francois-xavier-mouret/le-contexte-social-et-technique-du-design-au-xxie-siecle/#breadcrumb","itemListElement":[{"@type":"ListItem","position":1,"name":"Accueil","item":"https://diploma2023.ecolecamondo.fr/en/"},{"@type":"ListItem","position":2,"name":"Dissertation","item":"https://diploma2023.ecolecamondo.fr/en/memoire/%student%/"},{"@type":"ListItem","position":3,"name":"The social and technical context of design in the 21st century "}]},{"@type":"WebSite","@id":"https://diploma2023.ecolecamondo.fr/en/#website","url":"https://diploma2023.ecolecamondo.fr/en/","name":"Diploma Camondo édition 2023","description":"Travaux des étudiants de 5e année de l&#039;École Camondo","potentialAction":[{"@type":"SearchAction","target":{"@type":"EntryPoint","urlTemplate":"https://diploma2023.ecolecamondo.fr/en/?s={search_term_string}"},"query-input":{"@type":"PropertyValueSpecification","valueRequired":true,"valueName":"search_term_string"}}],"inLanguage":"en-US"}]}</script>
<!-- / Yoast SEO plugin. -->

The social and technical context of design in the 21st century  - Diploma Camondo édition 2023

Diploma Camondo édition 2023

Travaux des étudiants de 5e année de l&#039;École Camondo
